by 59444.
158
Calculate the remainder when 112136 is divided by 18525.
986
What is the remainder when 35006 is divided by 11202?
1400
What is the remainder when 541624848 is divided by 47?
44
Calculate the remainder when 169309 is divided by 431.
357
What is the remainder when 1229798 is divided by 186?
152
Calculate the remainder when 62511376 is divided by 301.
298
Calculate the remainder when 95712497 is divided by 38.
35
What is the remainder when 350104 is divided by 5435?
2264
What is the remainder when 6644135 is divided by 6644112?
23
Calculate the remainder when 2878097 is divided by 5122.
4655
Calculate the remainder when 1101463 is divided by 2359.
2169
What is the remainder when 42042416 is divided by 915?
911
Calculate the remainder when 2767845 is divided by 128.
101
What is the remainder when 401024 is divided by 431?
194
Calculate the remainder when 15767500 is divided by 25.
0
Calculate the remainder when 1853394 is divided by 219.
216
What is the remainder when 15272067 is divided by 281?
279
What is the remainder when 2637415 is divided by 374?
341
Calculate the remainder when 606046 is divided by 236.
234
Calculate the remainder when 200058 is divided by 7994.
208
What is the remainder when 113450 is divided by 5437?
4710
Calculate the remainder when 2294704 is divided by 821.
9
What is the remainder when 925321777 is divided by 231330443?
5
Calculate the remainder when 2917980 is divided by 48633.
0
Calculate the remainder when 596 is divided by 40.
36
Calculate the remainder when 12914077 is divided by 50.
27
Calculate the remainder when 25988893 is divided by 590656.
29
Calculate the remainder when 668621 is divided by 133587.
686
Calculate the remainder when 11140592 is divided by 273.
8
What is the remainder when 106443 is divided by 585?
558
What is the remainder when 951390 is divided by 124?
62
Calculate the remainder when 18806152 is divided by 9841.
1
What is the remainder when 23855 is divided by 4141?
3150
Calculate the remainder when 209178 is divided by 16076.
190
What is the remainder when 10606021 is divided by 5303009?
3
What is the remainder when 24945 is divided by 4181?
4040
What is the remainder when 1136536 is divided by 117?
115
Calculate the remainder when 510868 is divided by 1648.
1636
What is the remainder when 3820607 is divided by 657?
152
Calculate the remainder when 1195859 is divided by 4.
3
Calculate the remainder when 420896 is divided by 87.
77
Calculate the remainder when 11331 is divided by 5597.
137
Calculate the remainder when 3613050 is divided by 1204341.
27
What is the remainder when 2319873 is divided by 14317?
519
Calculate the remainder when 44007 is divided by 4769.
1086
Calculate the remainder when 310412 is divided by 1262.
1222
What is the remainder when 73225 is divided by 571?
137
What is the remainder when 19865256 is divided by 1324350?
6
What is the remainder when 1576895 is divided by 183?
167
What is the remainder when 1226974 is divided by 257?
56
What is the remainder when 20678077 is divided by 16?
13
Calculate the remainder when 16215203 is divided by 16215198.
5
Calculate the remainder when 159817 is divided by 6652.
169
Calculate the remainder when 16881540 is divided by 63.
60
What is the remainder when 229247 is divided by 1751?
1617
Calculate the remainder when 192334 is divided by 590.
584
Calculate the remainder when 312023140 is divided by 6.
4
What is the remainder when 3485475 is divided by 5780?
135
Calculate the remainder when 46276 is divided by 14077.
4045
Calculate the remainder when 1220074 is divided by 87073.
1052
Calculate the remainder when 10597877 is divided by 706525.
2
Calculate the remainder when 10345407 is divided by 168.
135
What is the remainder when 1024263 is divided by 747?
126
What is the remainder when 2010991 is divided by 670291?
118
What is the remainder when 34453792 is divided by 178517?
11
What is the remainder when 263689 is divided by 87479?
1252
Calculate the remainder when 28175709 is divided by 9391903.
0
Calculate the remainder when 445920584 is divided by 522.
518
Calculate the remainder when 1426783 is divided by 802.
25
What is the remainder when 1076207 is divided by 1230?
1187
Calculate the remainder when 86865292 is divided by 28.
24
What is the remainder when 57452 is divided by 19086?
194
Calculate the remainder when 1398843 is divided by 793.
784
What is the remainder when 332603 is divided by 924?
887
What is the remainder when 551165 is divided by 304?
13
Calculate the remainder when 79207 is divided by 79110.
97
Calculate the remainder when 108012031 is divided by 1200.
31
What is the remainder when 21724684 is divided by 2206?
2202
What is the remainder when 290567710 is divided by 5216?
5214
What is the remainder when 755703 is divided by 150723?
2088
What is the remainder when 98557 is divided by 19606?
527
What is the remainder when 6947 is divided by 623?
94
What is the remainder when 711829 is divided by 17315?
1914
Calculate the remainder when 158799469 is divided by 305.
304
Calculate the remainder when 4109 is divided by 3510.
599
Calculate the remainder when 18924144 is divided by 147.
99
Calculate the remainder when 89800 is divided by 3196.
312
Calculate the remainder when 7420370 is divided by 725.
720
Calculate the remainder when 361100 is divided by 19004.
24
Calculate the remainder when 78616162 is divided by 2312240.
2
What is the remainder when 8550305 is divided by 1840?
1665
Calculate the remainder when 140168 is divided by 4027.
3250
What is the remainder when 18729233 is divided by 1283?
1282
Calculate the remainder when 236350 is divided by 5764.
26
Calculate the remainder when 6793831 is divided by 184.
183
Calculate the remainder when 52029 is divided by 3695.
299
What is the remainder when 14494752 is divided by 58?
30
What is the remainder when 42149306 is divided by 1082?
1078
What is the remainder when 34062 is divided by 1474?
160
What is the remainder when 33366 is divided by 16514?
338
Calculate the remainder when 601518 is divided by 120297.
33
What is the remainder when 82251 is divided by 4566?
63
Calculate the remainder when 103019929 is divided by 7.
5
What is the remainder when 3549844 is divided by 25?
19
Calculate the remainder when 324945 is divided by 198.
27
Calculate the remainder when 221338823 is divided by 1864.
7
What is the remainder when 34332947 is divided by 37?
18
Calculate the remainder when 258383985 is divided by 37.
35
Calculate the remainder when 3680872 is divided by 1226951.
19
What is the remainder when 1673996 is divided by 400?
396
Calculate the remainder when 13307762 is divided by 262.
258
What is the remainder when 104893620 is divided by 118927?
6
Calculate the remainder when 381616 is divided by 520.
456
Calculate the remainder when 13024 is divided by 2234.
1854
What is the remainder when 21522 is divided by 21424?
98
What is the remainder when 60910 is divided by 3292?
1654
What is the remainder when 1328922 is divided by 2157?
210
Calculate the remainder when 95695 is divided by 947.
48
What is the remainder when 11427167 is divided by 19?
16
Calculate the remainder when 5392391 is divided by 569.
547
What is the remainder when 14314385 is divided by 2385729?
11
Calculate the remainder when 94911 is divided by 1638.
1545
What is the remainder when 117423052 is divided by 54?
52
Calculate the remainder when 4976161 is divided by 530.
521
What is the remainder when 16000265 is divided by 1630?
185
What is the remainder when 69130 is divided by 2283?
640
Calculate the remainder when 590725 is divided by 1614.
1
Calculate the remainder when 1475749 is divided by 294575.
2874
What is the remainder when 18014219 is divided by 204?
203
Calculate the remainder when 138146 is divided by 313.
113
Calculate the remainder when 41918 is divided by 537.
32
What is the remainder when 417948 is divided by 46426?
114
What is the remainder when 1687868 is divided by 73385?
13
What is the remainder when 58828 is divided by 1206?
940
What is the remainder when 5291 is divided by 1223?
399
Calculate the remainder when 2901482 is divided by 193432.
2
Calculate the remainder when 19125583 is divided by 156767.
9
Calculate the remainder when 4086119 is divi